5715605 a multiple of 249?
False
Is 439 a factor of 323547390?
True
Is 1035989 a multiple of 2357?
False
Is 334582500 a multiple of 1500?
True
Is 125639137 a multiple of 3?
False
Does 14 divide 39469863?
False
Is 3516 a factor of 5476009587?
False
Is 165666240 a multiple of 1220?
True
Does 3190 divide 349426219?
False
Is 23 a factor of 190658824?
False
Is 26 a factor of 12401404?
False
Does 30 divide 451210290?
True
Is 44310346 a multiple of 4733?
True
Is 13 a factor of 11568152?
False
Is 5848471 a multiple of 224?
False
Does 197 divide 195615878?
True
Does 28 divide 790132?
True
Is 4994 a factor of 328730050?
True
Is 649934718 a multiple of 174?
True
Is 211150649 a multiple of 319?
False
Is 70 a factor of 136360556?
False
Does 187 divide 935865827?
False
Is 1674578232 a multiple of 309?
False
Is 87 a factor of 73807069?
False
Is 13 a factor of 554931169?
True
Does 539 divide 3410930?
False
Is 13130029 a multiple of 149?
True
Is 6484174 a multiple of 117?
False
Is 357051222 a multiple of 13?
False
Does 49 divide 6895084?
True
Is 1640839 a multiple of 4275?
False
Is 6933848 a multiple of 859?
True
Is 39947136 a multiple of 96?
True
Is 42003470 a multiple of 1765?
True
Is 1056503417 a multiple of 1816?
False
Is 1647117108 a multiple of 1638?
True
Is 9 a factor of 55174940?
False
Does 7 divide 780964217?
False
Does 3 divide 8250642?
True
Is 19 a factor of 2876204752?
False
Is 732 a factor of 1389234252?
True
Is 104229384 a multiple of 56?
True
Does 18 divide 445137084?
True
Is 3921752216 a multiple of 69?
False
Does 41 divide 27174636?
True
Is 6446456 a multiple of 4?
True
Is 151 a factor of 44552399?
True
Does 15 divide 7664625?
True
Is 4355 a factor of 1695051508?
False
Does 8 divide 817560419?
False
Does 25 divide 378334497?
False
Is 319606017 a multiple of 21?
False
Is 186893599 a multiple of 14?
False
Is 33 a factor of 19663908?
True
Does 64 divide 8051989?
False
Is 135417160 a multiple of 40?
True
Is 54848983 even?
False
Is 196034461 a multiple of 106?
False
Is 590566895 a multiple of 208?
False
Is 7 a factor of 1718927952?
True
Does 740 divide 1382525120?
False
Does 20 divide 105024180?
True
Is 1021488 a multiple of 50?
False
Is 190279395 a multiple of 93?
True
Does 322 divide 2189330808?
True
Is 19 a factor of 6041186?
False
Does 20 divide 5271740?
True
Is 39151909 a multiple of 4133?
True
Is 240718281 a multiple of 2904?
False
Is 37 a factor of 66673930?
False
Does 7 divide 20063883?
True
Is 166323446 a multiple of 1477?
False
Is 3083 a factor of 331074183?
False
Is 722184224 a multiple of 152?
True
Is 30 a factor of 2055739590?
True
Is 45629412 a multiple of 3819?
True
Is 64057854 a multiple of 14?
True
Does 144 divide 332301606?
False
Is 338827338 a multiple of 195?
False
Is 1442831001 a multiple of 188?
False
Is 3016232 a multiple of 375?
False
Does 208 divide 201887920?
True
Is 10 a factor of 257602370?
True
Is 55 a factor of 522985064?
False
Is 28455371 a multiple of 4?
False
Is 67 a factor of 38522790?
False
Is 1181 a factor of 149014469?
False
Is 2269 a factor of 305679326?
False
Does 33 divide 778255236?
True
Is 115702704 a multiple of 78?
True
Is 308 a factor of 45705352?
True
Does 24 divide 39808198?
False
Is 95579528 a multiple of 82?
True
Is 60013184 a multiple of 154?
True
Does 98 divide 31430977?
False
Does 28 divide 564257764?
True
Does 4 divide 279608371?
False
Does 267 divide 13879680?
False
Is 316 a factor of 111559692?
True
Is 84 a factor of 676841827?
False
Is 25397330 a multiple of 2030?
True
Is 256 a factor of 44133012?
False
Does 1105 divide 26905645?
True
Does 255 divide 7527922?
False
Does 1054 divide 1403628664?
True
Is 147336924 a multiple of 118?
True
Does 1624 divide 194356933?
False
Is 4 a factor of 302370980?
True
Is 49 a factor of 1095154?
False
Is 38 a factor of 1580452452?
True
Does 34 divide 48206103?
False
Is 16415277 a multiple of 31?
False
Is 12643590 a multiple of 10?
True
Is 310294399 a multiple of 1277?
True
Does 50 divide 104539174?
False
Does 234 divide 89699733?
False
Is 289344489 a multiple of 98?
False
Is 12 a factor of 5345726?
False
Does 85 divide 1743098400?
True
Is 31623775 a multiple of 404?
False
Does 271 divide 49484199?
False
Is 26899950 a multiple of 42?
True
Is 2740 a factor of 648857216?
False
Does 310 divide 17718360?
True
Does 45 divide 321359693?
False
Is 13665186 a multiple of 27?
True
Is 6 a factor of 26400586?
False
Is 1918 a factor of 1574570592?
True
Does 18 divide 317459171?
False
Is 1458 a factor of 21700413?
False
Is 334 a factor of 210263354?
True
Is 2865 a factor of 18670889?
False
Is 1711 a factor of 72505502?
False
Is 53 a factor of 33198776?
True
Is 274120824 a multiple of 864?
False
Does 167 divide 292583787?
False
Is 1538 a factor of 499973903?
False
Is 6539733 a multiple of 31?
False
Is 40036220 a multiple of 774?
False
Is 4676 a factor of 59170104?
True
Is 106948450 a multiple of 155?
True
Is 63 a factor of 83325879?
True
Is 39 a factor of 189113360?
False
Is 1284078 a multiple of 51?
True
Does 6 divide 1513608870?
True
Is 163003036 a multiple of 2470?
False
Is 766 a factor of 2832343361?
False
Is 2027239472 a multiple of 2042?
False
Is 90453263 a multiple of 21?
False
Is 2 a factor of 1262776?
True
Is 24 a factor of 37454466?
False
Is 282828696 a multiple of 183?
True
Does 7961 divide 193539871?
True
Is 1288608816 a multiple of 1264?
True
Does 1847 divide 102671676?
False
Does 13 divide 32328132?
False
Is 11586075 a multiple of 3?
True
Is 982 a factor of 18793516?
True
Does 1649 divide 1273894?
False
Is 1691 a factor of 4356016?
True
Does 11 divide 119583777?
False
Is 1743670821 a multiple of 251?
False
Is 13 a factor of 13498992?
True
Is 962 a factor of 174639556?
True
Is 3750 a factor of 306551250?
True
Is 98518863 a multiple of 1679?
False
Does 22 divide 199815999?
False
Is 68 a factor of 2746177892?
True
Does 33 divide 247620351?
True
Does 2 divide 25276641?
False
Is 3 a factor of 128953798?
False
Does 969 divide 128672934?
False
Is 164 a factor of 1362763084?
True
Is 1165 a factor of 831833300?
True
Is 97756330 a multiple of 35?
True
Does 3 divide 25188944?
False
Does 997 divide 21036700?
True
Does 95 divide 4044530?
True
Is 581969389 a multiple of 541?
True
Is 1678595931 a multiple of 41?
False
Is 33 a factor of 208815288?
True
Is 49150145 a multiple of 187?
True
Does 4768 divide 47446368?
True
Is 713138923 a multiple of 2454?
False
Is 43 a factor of 54082902?
False
Is 1986027819 a multiple of 53?
True
Does 229 divide 393909312?
True
Is 25 a factor of 79946825?
True
Is 58276381 a multiple of 47?
True
Is 569172240 a multiple of 3536?
True
Does 64 divide 439979136?
True
Does 71 divide 2492205080?
True
Does 5 divide 34455579?
False
Is 120 a factor of 10716361?
False
Is 5080 a factor of 1233772387?
False
Is 87 a factor of 11330666?
False
Is 9 a factor of 65322938?
False
Does 689 divide 1737950825?
True
Does 37 divide 7512021?
False
Does 18 divide 80066471?
False
Does 2349 divide 1353461403?
False
Does 1134 divide 406067256?
True
Does 201 divide 1191259?
False
Is 17 a factor of 68588294?
False
Is 41258100 a multiple of 150?
True
Is 12 a factor of 103721648?
False
Is 118 a factor of 30034422?
True
Is 750072960 a multiple of 1260?
True
Is 193475526 a multiple of 30?
False
Is 116758746 a multiple of 4857?
False
Does 76 divide 209880080?
True
Does 2955 divide 557939460?
True
Does 26 divide 3667338?
False
Does 20 divide 135326828?
False
Is 499 a factor of 49407986?
True
Is 1933243466 a multiple of 7369?
False
Is 70 a factor of 97037193?
False
Does 84 divide 980322950?
False
Does 261 divide 285051996?
False
Is 9361 a factor of 6806491463?
False
Is 1464 a factor of 32398953?
False
Does 13 divide 70460491?
False
Is 9531306 a multiple of 3?
True
Is 54834003 a multiple of 291?
True
Does 2164 divide 698426672?
True
Is 25 a factor of 38191749?
False
Is 3788 a factor of 1410290104?
False
Does 996 divide 1325028687?
False
Is 16 a factor of 47817651?
False
Does 283 divide 2091155486?
True
Does 31 divide 313795813?
False
Does 332 divide 32809900?
True
Is 5744776 a multiple of 1386?
False
Does 4713 divide 456124517?
False
Does 4502 divide 326327470?
True
Is 91648120 a multiple of 1681?
True
Is 6471192 a multiple of 73?
False
Does 824 divide 160689064?
True
Is 121 a factor